{"id":1720,"date":"2014-01-02T21:55:13","date_gmt":"2014-01-02T20:55:13","guid":{"rendered":"http:\/\/www.brehms.eu\/wp\/?page_id=1720"},"modified":"2026-02-03T11:13:57","modified_gmt":"2026-02-03T10:13:57","slug":"imago-single","status":"publish","type":"page","link":"https:\/\/www.brehms.eu\/imago-paartherapie\/imago-single\/","title":{"rendered":"Imago f\u00fcr Singles"},"content":{"rendered":"<div id=\"pl-1720\" class=\"panel-layout\"><div id=\"pg-1720-0\" class=\"panel-grid panel-no-style\"><div id=\"pgc-1720-0-0\" class=\"panel-grid-cell\"><div id=\"panel-1720-0-0-0\" class=\"so-panel widget widget_black-studio-tinymce widget_black_studio_tinymce panel-first-child\" data-index=\"0\"><div class=\"textwidget\"><p style=\"text-align: justify;\"><span style=\"color: #993300;\"><img loading=\"lazy\" decoding=\"async\" class=\"alignleft wp-image-2245 size-full\" src=\"https:\/\/www.brehms.eu\/imago-paartherapie\/wp-content\/uploads\/sites\/4\/2014\/03\/Imago-Single-im-Spiegel.jpg\" alt=\"Imago Single\" width=\"849\" height=\"565\" srcset=\"https:\/\/www.brehms.eu\/imago-paartherapie\/wp-content\/uploads\/sites\/4\/2014\/03\/Imago-Single-im-Spiegel.jpg 849w, https:\/\/www.brehms.eu\/imago-paartherapie\/wp-content\/uploads\/sites\/4\/2014\/03\/Imago-Single-im-Spiegel-300x200.jpg 300w, https:\/\/www.brehms.eu\/imago-paartherapie\/wp-content\/uploads\/sites\/4\/2014\/03\/Imago-Single-im-Spiegel-768x511.jpg 768w, https:\/\/www.brehms.eu\/imago-paartherapie\/wp-content\/uploads\/sites\/4\/2014\/03\/Imago-Single-im-Spiegel-272x182.jpg 272w\" sizes=\"auto, (max-width: 849px) 100vw, 849px\">Wenn Sie zur\u00adzeit nicht in einer Beziehung leben, ist das eine wun\u00adder\u00adba\u00adre Gelegenheit, meta\u00adpho\u00adrisch sich selbst im Spiegel zu ent\u00adde\u00adcken und das eige\u00adne Verhalten in einer Partnerschaft zu reflektieren.<\/span><\/p>\n<p style=\"text-align: justify;\">Nehmen Sie sich etwas Zeit um bewusst zu reflek\u00adtie\u00adren, was Sie in Ihren ver\u00adgan\u00adge\u00adnen Beziehungen erlebt haben.<\/p>\n<p style=\"text-align: justify;\">Erkennen Sie Wiederholungen? Was haben Sie erwar\u00adtet, und was erlebt? Und was haben Sie dazu bei\u00adgetra\u00adgen, dass alles so wur\u00adde, wie es jetzt&nbsp;ist?<\/p>\n<p style=\"text-align: justify;\">In unse\u00adren <span style=\"color: #993300;\">Imago Einzelsitzungen f\u00fcr Singles<\/span> unter\u00adst\u00fct\u00adzen wir Sie beim auf\u00adar\u00adbei\u00adten ver\u00adgan\u00adge\u00adner Beziehungen und hel\u00adfen Ihnen zu ver\u00adste\u00adhen, wie Ihr unbe\u00adwuss\u00adtes Beziehungsbild (Imago) Ihre bis\u00adhe\u00adri\u00adgen Beziehungen beein\u00adflusst hat. Dadurch k\u00f6n\u00adnen Sie zuk\u00fcnf\u00adti\u00adge Partnerschaften anders erle\u00adben und gestalten.<\/p>\n<\/div><\/div><div id=\"panel-1720-0-0-1\" class=\"so-panel widget widget_black-studio-tinymce widget_black_studio_tinymce panel-last-child\" data-index=\"1\"><h3 class=\"widget-title\">Was kann ich mir erwarten?<\/h3><div class=\"textwidget\"><h5 style=\"text-align: justify;\"><span style=\"color: #993300;\"><br>Hier eine Auswahl der m\u00f6glichen Themen, die wir in unserer Imago Reflexionsarbeit f\u00fcr Singles kl\u00e4ren k\u00f6nnen:<\/span><\/h5>\n<ul style=\"text-align: justify;\">\n<li><span style=\"font-size: small;\"><strong><span style=\"color: #993300;\"><span style=\"font-size: 12pt;\">Abschied von Vergangenem<\/span><br>\n<\/span><\/strong><\/span>Wenn Sie eine Trennung hin\u00adter sich haben und die M\u00f6glichkeit nicht besteht, das Geschehene mit ihren Ex Partner\/Ex Partnerin zum Beispiel in einem Imago Abschiedsprozess auf\u00adzu\u00adar\u00adbei\u00adten, dann ist der ers\u00adte Schritt in unse\u00adrer Imago-Single-Arbeit, sich inner\u00adlich von die\u00adser Beziehung zu ver\u00adab\u00adschie\u00adden und loszulassen.<\/li>\n<\/ul>\n<ul style=\"text-align: justify;\">\n<li><strong><span style=\"color: #993300;\">Der Ursprung des eige\u00adnen Imagos<br>\n<\/span><\/strong>In einer indi\u00advi\u00addu\u00adel\u00adlen und tief gehen\u00adden Reflexion Ihrer fr\u00fch\u00adkind\u00adli\u00adchen emo\u00adtio\u00adna\u00adlen Entwicklung fin\u00adden Sie her\u00adaus, was Ihr unbe\u00adwuss\u00adtes Verlangen an jeden Ihrer ver\u00adgan\u00adge\u00adnen und zuk\u00fcnf\u00adti\u00adgen Beziehungs-Partner war und sein&nbsp;wird.<\/li>\n<\/ul>\n<ul>\n<li style=\"text-align: justify;\"><strong><span style=\"color: #993300;\">Die Auswirkungen auf Ihr&nbsp;Leben<br>\n<\/span><\/strong>Wie hat das, was Sie in den ers\u00adten Jahren Ihres Lebens in Beziehungen erlebt haben, Ihre Pers\u00f6nlichkeit geformt und wie gehen Sie auf\u00adgrund die\u00adser Erfahrungen heu\u00adte mit Beziehungs-Stress um?<\/li>\n<\/ul>\n<ul style=\"text-align: justify;\">\n<li><strong><span style=\"color: #993300;\">Die Partnerwahl<br>\n<\/span><\/strong>In wen haben Sie sich ver\u00adliebt, und wel\u00adche Eigenschaften die\u00adser Person fan\u00adden Sie beson\u00adders attrak\u00adtiv? Was sind Eigenschaften, die Ihre bis\u00adhe\u00adri\u00adgen Partner\/Partnerinnen an Ihnen gesch\u00e4tzt haben?<\/li>\n<\/ul>\n<ul style=\"text-align: justify;\">\n<li><strong><span style=\"color: #993300;\">Erwartungen von Partnern<br>\n<\/span><\/strong>Was haben Ihre Partner in bis\u00adhe\u00adri\u00adgen Beziehungen von Ihnen erwar\u00adtet, und wie sind Sie damit umgegangen?<\/li>\n<\/ul>\n<ul>\n<li><strong><span style=\"color: #993300;\">Sich selbst annehmen<br>\n<\/span><\/strong>Was fin\u00adden Sie an sich selbst lie\u00adbens\u00adwert? Welche Eigenschaften sch\u00e4t\u00adzen Sie an sich und wie zeigt sich das in Ihrem&nbsp;Leben?<\/li>\n<li style=\"text-align: justify;\"><strong><span style=\"color: #993300;\">Die eige\u00adne Vision finden<br>\n<\/span><\/strong>In wel\u00adcher Beziehung m\u00f6ch\u00adten Sie leben? Was w\u00fcn\u00adschen Sie sich, wie genau wis\u00adsen Sie, was Sie brau\u00adchen, und wie k\u00f6n\u00adnen Sie ler\u00adnen, Ihre Beziehungsbed\u00fcrfnisse ad\u00e4quat und erf\u00fcll\u00adbar auszudr\u00fccken.<\/li>\n<\/ul>\n<\/div><\/div><\/div><\/div><div id=\"pg-1720-1\" class=\"panel-grid panel-no-style\"><div id=\"pgc-1720-1-0\" class=\"panel-grid-cell\"><div id=\"panel-1720-1-0-0\" class=\"so-panel widget widget_black-studio-tinymce widget_black_studio_tinymce panel-first-child panel-last-child\" data-index=\"2\"><h3 class=\"widget-title\">Das Imagobuch f\u00fcr Singles<\/h3><div class=\"textwidget\"><\/div><\/div><\/div><\/div><div id=\"pg-1720-2\" class=\"panel-grid panel-no-style\"><div id=\"pgc-1720-2-0\" class=\"panel-grid-cell\"><div id=\"panel-1720-2-0-0\" class=\"so-panel widget widget_media_image panel-first-child panel-last-child\" data-index=\"3\"><a href=\"https:\/\/www.amazon.de\/s?k=Harville+Hendrix&amp;i=stripbooks&amp;__mk_de_DE=%C3%85M%C3%85%C5%BD%C3%95%C3%91&amp;ref=nb_sb_noss_2\"><img loading=\"lazy\" decoding=\"async\" width=\"211\" height=\"300\" src=\"https:\/\/www.brehms.eu\/imago-paartherapie\/wp-content\/uploads\/sites\/4\/2020\/05\/Imago-Singlebuch-211x300.jpg\" class=\"image wp-image-10897  attachment-medium size-medium\" alt style=\"max-width: 100%; height: auto;\" srcset=\"https:\/\/www.brehms.eu\/imago-paartherapie\/wp-content\/uploads\/sites\/4\/2020\/05\/Imago-Singlebuch-211x300.jpg 211w, https:\/\/www.brehms.eu\/imago-paartherapie\/wp-content\/uploads\/sites\/4\/2020\/05\/Imago-Singlebuch.jpg 352w\" sizes=\"auto, (max-width: 211px) 100vw, 211px\"><\/a><\/div><\/div><div id=\"pgc-1720-2-1\" class=\"panel-grid-cell\"><div id=\"panel-1720-2-1-0\" class=\"so-panel widget widget_black-studio-tinymce widget_black_studio_tinymce panel-first-child panel-last-child\" data-index=\"4\"><div class=\"textwidget\"><p><span style=\"color: #993300;\"><strong>Ohne Wenn und Aber!<\/strong> <\/span><\/p>\n<p>Das Buch von Dr. Harville Hendrix zum Thema Imago und Singles!<\/p>\n<p><a href=\"https:\/\/www.amazon.de\/s?k=Harville+Hendrix&amp;i=stripbooks&amp;__mk_de_DE=%C3%85M%C3%85%C5%BD%C3%95%C3%91&amp;ref=nb_sb_noss_2\" target=\"_blank\" rel=\"noopener\">Mehr dazu hier bei Amazon<\/a><\/p>\n<\/div><\/div><\/div><\/div><\/div>","protected":false},"excerpt":{"rendered":"<p>Wenn Sie zur\u00adzeit nicht in einer Beziehung leben, ist das eine wun\u00adder\u00adba\u00adre Gelegenheit, meta\u00adpho\u00adrisch sich selbst im Spiegel zu ent\u00adde\u00adcken und das eige\u00adne Verhalten in einer Partnerschaft zu reflek\u00adtie\u00adren. Nehmen Sie sich etwas Zeit um bewusst zu reflek\u00adtie\u00adren, was Sie <span class=\"excerpt-dots\">\u2026<\/span> <a class=\"more-link\" href=\"https:\/\/www.brehms.eu\/imago-paartherapie\/imago-single\/\"><span class=\"more-msg\">Weiterlesen \u2192<\/span><\/a><\/p>\n","protected":false},"author":1,"featured_media":0,"parent":0,"menu_order":33,"comment_status":"closed","ping_status":"closed","template":"","meta":{"wp_typography_post_enhancements_disabled":false,"ngg_post_thumbnail":0,"footnotes":""},"class_list":["post-1720","page","type-page","status-publish","hentry"],"_links":{"self":[{"href":"https:\/\/www.brehms.eu\/imago-paartherapie\/wp-json\/wp\/v2\/pages\/1720","targetHints":{"allow":["GET"]}}],"collection":[{"href":"https:\/\/www.brehms.eu\/imago-paartherapie\/wp-json\/wp\/v2\/pages"}],"about":[{"href":"https:\/\/www.brehms.eu\/imago-paartherapie\/wp-json\/wp\/v2\/types\/page"}],"author":[{"embeddable":true,"href":"https:\/\/www.brehms.eu\/imago-paartherapie\/wp-json\/wp\/v2\/users\/1"}],"replies":[{"embeddable":true,"href":"https:\/\/www.brehms.eu\/imago-paartherapie\/wp-json\/wp\/v2\/comments?post=1720"}],"version-history":[{"count":10,"href":"https:\/\/www.brehms.eu\/imago-paartherapie\/wp-json\/wp\/v2\/pages\/1720\/revisions"}],"predecessor-version":[{"id":14261,"href":"https:\/\/www.brehms.eu\/imago-paartherapie\/wp-json\/wp\/v2\/pages\/1720\/revisions\/14261"}],"wp:attachment":[{"href":"https:\/\/www.brehms.eu\/imago-paartherapie\/wp-json\/wp\/v2\/media?parent=1720"}],"curies":[{"name":"wp","href":"https:\/\/api.w.org\/{rel}","templated":true}]}}